e remainder when 275 is divided by 149.
126
What is the remainder when 8399 is divided by 70?
69
What is the remainder when 2453 is divided by 9?
5
Calculate the remainder when 932 is divided by 112.
36
Calculate the remainder when 498 is divided by 25.
23
What is the remainder when 125 is divided by 44?
37
Calculate the remainder when 345 is divided by 328.
17
What is the remainder when 4057 is divided by 70?
67
What is the remainder when 1417 is divided by 468?
13
What is the remainder when 294 is divided by 158?
136
Calculate the remainder when 15244 is divided by 77.
75
Calculate the remainder when 192 is divided by 28.
24
Calculate the remainder when 100 is divided by 36.
28
What is the remainder when 94 is divided by 12?
10
Calculate the remainder when 123 is divided by 61.
1
Calculate the remainder when 234 is divided by 40.
34
Calculate the remainder when 971 is divided by 119.
19
Calculate the remainder when 707 is divided by 18.
5
Calculate the remainder when 18678 is divided by 10.
8
Calculate the remainder when 59 is divided by 21.
17
Calculate the remainder when 7446 is divided by 14.
12
Calculate the remainder when 251 is divided by 54.
35
Calculate the remainder when 1061 is divided by 9.
8
Calculate the remainder when 671 is divided by 118.
81
Calculate the remainder when 105 is divided by 68.
37
Calculate the remainder when 362 is divided by 151.
60
What is the remainder when 1390 is divided by 35?
25
Calculate the remainder when 1710 is divided by 427.
2
Calculate the remainder when 87 is divided by 24.
15
What is the remainder when 182 is divided by 172?
10
Calculate the remainder when 7065 is divided by 2355.
0
What is the remainder when 139 is divided by 36?
31
What is the remainder when 379 is divided by 10?
9
What is the remainder when 118 is divided by 11?
8
Calculate the remainder when 56 is divided by 10.
6
What is the remainder when 23 is divided by 7?
2
Calculate the remainder when 320 is divided by 165.
155
What is the remainder when 4535 is divided by 51?
47
Calculate the remainder when 626 is divided by 33.
32
What is the remainder when 393 is divided by 132?
129
Calculate the remainder when 27 is divided by 8.
3
What is the remainder when 75 is divided by 40?
35
What is the remainder when 170 is divided by 87?
83
What is the remainder when 474 is divided by 30?
24
What is the remainder when 115 is divided by 114?
1
Calculate the remainder when 115 is divided by 37.
4
What is the remainder when 69 is divided by 13?
4
What is the remainder when 277 is divided by 194?
83
What is the remainder when 194 is divided by 30?
14
Calculate the remainder when 3959 is divided by 22.
21
What is the remainder when 347 is divided by 54?
23
Calculate the remainder when 85 is divided by 24.
13
Calculate the remainder when 64 is divided by 12.
4
What is the remainder when 503 is divided by 500?
3
What is the remainder when 224 is divided by 47?
36
What is the remainder when 238 is divided by 58?
6
What is the remainder when 715 is divided by 238?
1
What is the remainder when 84 is divided by 7?
0
What is the remainder when 1063 is divided by 15?
13
What is the remainder when 1112 is divided by 53?
52
What is the remainder when 629 is divided by 126?
125
Calculate the remainder when 68 is divided by 10.
8
Calculate the remainder when 80 is divided by 43.
37
Calculate the remainder when 97 is divided by 20.
17
What is the remainder when 291 is divided by 98?
95
What is the remainder when 10713 is divided by 57?
54
Calculate the remainder when 143 is divided by 5.
3
Calculate the remainder when 4507 is divided by 20.
7
What is the remainder when 402 is divided by 31?
30
What is the remainder when 17 is divided by 11?
6
Calculate the remainder when 909 is divided by 253.
150
Calculate the remainder when 727 is divided by 13.
12
Calculate the remainder when 3841 is divided by 62.
59
Calculate the remainder when 47 is divided by 17.
13
What is the remainder when 4520 is divided by 156?
152
What is the remainder when 444 is divided by 115?
99
Calculate the remainder when 5508 is divided by 34.
0
Calculate the remainder when 61 is divided by 45.
16
What is the remainder when 433 is divided by 135?
28
What is the remainder when 28 is divided by 9?
1
Calculate the remainder when 320 is divided by 47.
38
Calculate the remainder when 213 is divided by 102.
9
What is the remainder when 38843 is divided by 12?
11
Calculate the remainder when 726 is divided by 81.
78
What is the remainder when 1228 is divided by 414?
400
What is the remainder when 178 is divided by 20?
18
Calculate the remainder when 821 is divided by 11.
7
What is the remainder when 2561 is divided by 27?
23
Calculate the remainder when 1484 is divided by 68.
56
Calculate the remainder when 605 is divided by 178.
71
Calculate the remainder when 199 is divided by 99.
1
What is the remainder when 515 is divided by 260?
255
What is the remainder when 317 is divided by 16?
13
What is the remainder when 6993 is divided by 22?
19
Calculate the remainder when 253 is divided by 69.
46
Calculate the remainder when 555 is divided by 197.
161
Calculate the remainder when 523 is divided by 53.
46
What is the remainder when 1600 is divided by 318?
10
What is the remainder when 1690 is divided by 3?
1
Calculate the remainder when 163 is divided by 56.
51
Calculate the remainder when 488 is divided by 123.
119
What is the remainder when 148 is divided by 52?
44
What is the remainder when 847 is divided by 143?
132
Calculate the remainder when 234 is divided by 62.
48
What is the remainder when 81 is divided by 76?
5
What is the remainder when 477 is divided by 32?
29
Calculate the remainder when 5989 is divided by 28.
25
What is the remainder when 533 is divided by 67?
64
What is the remainder when 13 is divided by 6?
1
What is the remainder when 40 is divided by 12?
4
What is the remainder when 848 is divided by 208?
16
What is the remainder when 145 is divided by 24?
1
Calculate the remainder when 13796 is divided by 30.
26
Calculate the remainder when 694 is divided by 185.
139
What is the remainder when 522 is divided by 21?
18
Calculate the remainder when 1442 is divided by 257.
157
What is the remainder when 20 is divided by 15?
5
What is the remainder when 284 is divided by 75?
59
Calculate the remainder when 304 is divided by 74.
8
What is the remainder when 593 is divided by 119?
117
Calculate the remainder when 5416 is divided by 2696.
24
Calculate the remainder when 788 is divided by 113.
110
What is the remainder when 421 is divided by 129?
34
Calculate the remainder when 376 is divided by 42.
40
Calculate the remainder when 4 is divided by 3.
1
Calculate the remainder when 439 is divided by 88.
87
What is the remainder when 6288 is divided by 45?
33
Calculate the remainder when 1670 is divided by 19.
17
What is the remainder when 295 is divided by 4?
3
What is the remainder when 398 is divided by 88?
46
What is the remainder when 796 is divided by 210?
166
Calculate the remainder when 459 is divided by 7.
4
Calculate the remainder when 457 is divided by 150.
7
Calculate the remainder when 1198 is divided by 25.
23
Calculate the remainder when 228 is divided by 68.
24
What is the remainder when 21102 is divided by 201?
198
What is the remainder when 313 is divided by 53?
48
Calculate the remainder when 91 is divided by 77.
14
Calculate the remainder when 178 is divided by 29.
4
What is the remainder when 2545 is divided by 91?
88
Calculate the remainder when 54 is divided by 30.
24
What is the remainder when 361 is divided by 80?
41
What is the remainder when 2385 is divided by 12?
9
What is the remainder when 45 is divided by 5?
0
Calculate the remainder when 233 is divided by 105.
23
What is the remainder when 128 is divided by 27?
20
Calculate the remainder when 481 is divided by 230.
21
What is the remainder when 715 is divided by 48?
43
Calculate the remainder when 526 is divided by 109.
90
Calculate the remainder when 113 is divided by 64.
49
Calculate the remainder when 524 is divided by 59.
52
Calculate the remainder when 590 is divided by 120.
110
What is the remainder when 2447 is divided by 70?
67
Calculate the remainder when 221 is divided by 189.
32
What is the r